 -27506 - -6061?
-21445
In base 10, what is -8 + 201172?
201164
In base 13, what is -bc647a5 - 0?
-bc647a5
In base 2, what is 101111100000100000110 + 11001?
101111100000100011111
In base 16, what is -216 - -422b1?
4209b
In base 4, what is 222 - 11203333010?
-11203332122
In base 4, what is 3 + 23122321023?
23122321032
In base 5, what is 10 - 2132442341?
-2132442331
In base 2, what is -1001001000101111011111 - -10110?
-1001001000101111001001
In base 12, what is 26a5a2 + 5?
26a5a7
In base 15, what is -2 - 1e0953e1?
-1e0953e3
In base 2, what is -10011 - 1000010101011011111001?
-1000010101011100001100
In base 14, what is -76899 + -4?
-7689d
In base 10, what is -280 - 1629834?
-1630114
In base 4, what is -31211011 + -20?
-31211031
In base 5, what is -4 - 11400144021?
-11400144030
In base 10, what is 6 + -641842?
-641836
In base 9, what is -150053 - -1651?
-147302
In base 12, what is -25 + 1635234?
163520b
In base 8, what is 111606647 - 4?
111606643
In base 5, what is 141110223 + 4004?
141114232
In base 12, what is 31356 + 3109?
34463
In base 4, what is 233 + 222331301?
222332200
In base 16, what is -357e1c - b?
-357e27
In base 13, what is -106573 - -26c?
-106304
In base 16, what is 195d127 + 2?
195d129
In base 16, what is 2 - -123d4386?
123d4388
In base 2, what is 0 - 101000010001010011010111?
-101000010001010011010111
In base 7, what is 133 + -2161543?
-2161410
In base 10, what is -89876 - -152?
-89724
In base 11, what is -64 + -3092440?
-30924a4
In base 3, what is 110220102 - -201210?
111122012
In base 6, what is 1202302 + -1451?
1200411
In base 11, what is 15598a + -477?
155513
In base 15, what is 4d - -90175?
901c3
In base 6, what is -312245 + -1130?
-313415
In base 13, what is 1a7 + -4b872?
-4b698
In base 9, what is 13147461 + 5?
13147466
In base 15, what is -14 - -17168?
17154
In base 15, what is -952e + 1974?
-7aaa
In base 6, what is 5 - 3301311511?
-3301311502
In base 13, what is -2 - -68902?
68900
In base 13, what is 3 + 5b88a4a?
5b88a50
In base 5, what is 31 - -131013012?
131013043
In base 4, what is 3101131233 + 12?
3101131311
In base 6, what is -25 - -221551324?
221551255
In base 14, what is -21a3ac4 - 3?
-21a3ac7
In base 11, what is -32272a97 + 1?
-32272a96
In base 15, what is 536 + 2835?
2d6b
In base 12, what is a6168 + 42?
a61aa
In base 7, what is -2130 - 10622?
-13052
In base 6, what is 4 - -54205520?
54205524
In base 8, what is -625235 - 31?
-625266
In base 3, what is 11 - 12011121000001?
-12011120222220
In base 13, what is 0 + 7274539?
7274539
In base 14, what is b2 + 2acdd?
2adb1
In base 10, what is 26014566 - -7?
26014573
In base 16, what is 206e - -3fe?
246c
In base 14, what is 1 - 2adb89a?
-2adb899
In base 11, what is -24356 + -2509?
-26864
In base 16, what is 26145e9 + 5?
26145ee
In base 15, what is -855 - c46?
-159b
In base 14, what is 321 + -26c2?
-23a1
In base 10, what is -307 + -3770?
-4077
In base 5, what is -2124 - 24410203?
-24412332
In base 12, what is 12 - 993a46?
-993a34
In base 10, what is -3 - 2677600?
-2677603
In base 12, what is 3529a959 + -3?
3529a956
In base 5, what is 103303 + -2030003?
-1421200
In base 3, what is -120121101 - 2202000?
-200100101
In base 10, what is -2 - -47132129?
47132127
In base 3, what is 10111221110002 - 110202?
10111220222100
In base 14, what is 8784c81 - -7?
8784c88
In base 6, what is -5455 - -32121?
22222
In base 4, what is 133333 + 31002?
231001
In base 10, what is 4 + 43243559?
43243563
In base 2, what is -10000101 - 11110011111001000?
-11110100001001101
In base 10, what is 611 - 64236?
-63625
In base 11, what is -198626 + 13?
-198613
In base 8, what is 6 - 725624?
-725616
In base 6, what is 1131104521 - -12?
1131104533
In base 13, what is -235 - 57689?
-578c1
In base 5, what is -411314 + 33034?
-323230
In base 14, what is -876 + -2b899?
-2c331
In base 14, what is 1c050 + -21?
1c02d
In base 2, what is 1000101010101111 - -10011111?
1000101101001110
In base 14, what is -4250 + 1?
-424d
In base 13, what is -4 - 130a63?
-130a67
In base 4, what is -331 - -220222330011?
220222323020
In base 6, what is 53021122 - 11?
53021111
In base 14, what is d569 - -471?
d9da
In base 5, what is -22 - 212300144?
-212300221
In base 4, what is -20031230 - 1?
-20031231
In base 15, what is -aeb13a + 3?
-aeb137
In base 16, what is 58 + -a734?
-a6dc
In base 4, what is -101223222 - -2202?
-101221020
In base 8, what is -5507 - 41421?
-47130
In base 16, what is a + -116974f?
-1169745
In base 5, what is -232 + 314024023?
314023241
In base 12, what is 25 + -156575?
-156550
In base 12, what is 1 + 136bab?
136bb0
In base 4, what is -1120333121 - -221213?
-1120111302
In base 4, what is 2310112210 - -101?
2310112311
In base 15, what is -17b13a7 - -2?
-17b13a5
In base 11, what is -545206 - -22?
-545194
In base 4, what is 33301 - -1223120?
1323021
In base 15, what is -2a1 - 155a?
-180b
In base 4, what is -1100201033 + 20?
-1100201013
In base 2, what is -1010001 + -101101000011011?
-101101001101100
In base 4, what is -13 - -10202211221121?
10202211221102
In base 2, what is -1000111011000001100010101101 + 10?
-1000111011000001100010101011
In base 4, what is -103101 - -2122200?
2013033
In base 12, what is -112 + -330890?
-3309a2
In base 10, what is -1 - 10035655?
-10035656
In base 16, what is -16ac + 3ee?
-12be
In base 3, what is -2212222111110100 - -10?
-2212222111110020
In base 6, what is 10 - -14503111?
14503121
In base 14, what is ab + -233b2?
-23305
In base 6, what is 433 - 203545?
-203112
In base 2, what is -1011111101110 + -11101111000?
-1111101100110
In base 13, what is 4c0 + a29b9?
a31a9
In base 14, what is -2383b - 4?
-23841
In base 9, what is 83880874 - 4?
83880870
In base 2, what is 1000000 - -110111111000111001?
110111111001111001
In base 9, what is 2601 + 11066?
13667
In base 11, what is 457054 + 0?
457054
In base 7, what is -1050 - -41141?
40061
In base 16, what is -4 - 6d90ff?
-6d9103
In base 15, what is -6 + -8bd20?
-8bd26
In base 3, what is -12111 + -2112222112?
-2120012000
In base 5, what is 122343 + -2011?
120332
In base 5, what is -110 + 11341434222?
11341434112
In base 9, what is 140875688 - -5?
140875704
In base 15, what is 97 - -125800?
125897
In base 16, what is -93ed + 4?
-93e9
In base 16, what is 3a532f2a + 3?
3a532f2d
In base 4, what is 222033223 + 2110?
222101333
In base 2, what is -10011100100 - 1010100010011010?
-1010110101111110
In base 13, what is -25458 + 1093?
-24395
In base 6, what is -5 + -1413144343?
-1413144352
In base 9, what is 872415765 + -3?
872415762
In base 12, what is a2 - -73155?
73237
In base 2, what is 1 + 11000011111010111010100111?
11000011111010111010101000
In base 7, what is 140164030 + 13?
140164043
In base 5, what is 214120 - 13023?
201042
In base 5, what is 12310040 + 1103?
12311143
In base 14, what is -1 + -30d670a?
-30d670b
In base 9, what is -4 + 8353643?
8353638
In base 16, what is -2b407bd + 1?
-2b407bc
In base 4, what is 22332333221 - -12?
22332333233
In base 7, what is 12 - 55053166?
-55053154
In base 14, what is 95cab + -11?
95c9a
In base 14, what is -1364304 + 3?
-1364301
In base 12, what is -2021 + -199?
-21ba
In base 6, what is -134304502 + 3?
-134304455
In base 3, what is 122210202002 + 120?
122210202122
In base 8, what is 417357332 - -4?
417357336
In base 15, what is -3240223 + 8?
-324021a
In base 15, what is -2ad - 18a82?
-18d40
In base 12, what is 31716 - 259?
31479
In base 7, what is 234502543 + -125?
234502415
In base 9, what is 11 + -2848830?
-2848818
In base 5, what is -1311233 - 23031?
-1334314
In base 16, what is a7 - 17da?
-1733
In base 15, what is 6ad2a + 17?
6ad42
In base 15, what is -2ca - -10b3bc?
10b0e2
In base 13, what is 3 + 6c0634?
6c0637
In base 14, what is -202 + 1974d?
1954b
In base 4, what is 3103101112011 + 11?
3103101112022
In base 14, what is -4d66299 + 5?
-4d66294
In base 2, what is -10 + 10010111100011111001110?
10010111100011111001100
In base 9, what is 267426771 - 5?
267426765
In base 15, what is 8 + -12bdab2?
-12bdaa9
In base 8, what is -5 + -112442026?
-112442033
In base 12, what is -5b4901 - -80?
-5b4841
In base 8, what is 0 - -136753731?
136753731
In base 2, what is -101010111000110110000 - -11?
-101010111000110101101
In base 16, what is 5 + -1cf16a?
-1cf165
In base 13, what is 2 - -12418a6?
12418a8
In base 13, what is 